e 15) in base 7?
1056
3506 (base 12) to base 2
1011100010110
What is 10322 (base 11) in base 6?
153324
Convert 1679 (base 12) to base 2.
101001111101
-6347 (base 12) to base 5
-321410
765 (base 13) to base 5
20031
What is -450 (base 10) in base 4?
-13002
41635 (base 7) to base 5
312032
What is 303 (base 14) in base 5?
4331
13132030 (base 4) to base 15
9104
What is -51500 (base 6) in base 5?
-210001
-100110010011100 (base 2) to base 15
-5c27
Convert 101000001001000 (base 2) to base 9.
31165
What is 1233 (base 7) in base 9?
566
What is 1202022210 (base 3) in base 16?
86c4
What is -980 (base 14) in base 13?
-b14
Convert 1455 (base 11) to base 15.
850
What is 37126 (base 8) in base 9?
23801
-347 (base 14) to base 9
-803
Convert 13843 (base 9) to base 7.
36336
What is 17 (base 14) in base 8?
25
-2114 (base 10) to base 12
-1282
Convert 201222 (base 3) to base 13.
326
What is 11bd6 (base 14) in base 3?
2012200021
What is -122000120 (base 3) in base 2?
-11000001111000
-1106 (base 11) to base 8
-2662
-f2 (base 16) to base 10
-242
What is ca2 (base 13) in base 5?
32120
What is -112110200 (base 3) in base 13?
-4a55
Convert 2122 (base 3) to base 9.
78
What is -15435 (base 6) in base 7?
-10262
-1312 (base 4) to base 12
-9a
-1110201 (base 3) to base 11
-895
Convert -619 (base 14) to base 9.
-1572
What is -24581 (base 9) in base 15?
-4d61
Convert 6314 (base 7) to base 2.
100010101000
-22366 (base 8) to base 2
-10010011110110
What is -5bb2 (base 16) in base 7?
-125303
What is -210315 (base 6) in base 3?
-212021102
What is 3740 (base 10) in base 16?
e9c
What is -15815 (base 13) in base 14?
-10ca8
Convert -6896 (base 16) to base 4.
-12202112
What is 54060 (base 7) in base 8?
32153
Convert 530 (base 8) to base 5.
2334
What is 31102313 (base 4) in base 3?
2202200212
-111010010101010 (base 2) to base 8
-72252
81 (base 12) to base 10
97
-151000 (base 7) to base 11
-1a9a5
Convert -465 (base 9) to base 2.
-101111111
-121a2 (base 11) to base 8
-42200
-10110011 (base 2) to base 12
-12b
17453 (base 11) to base 13
b1c8
Convert -88510 (base 9) to base 11.
-40145
Convert 313133 (base 4) to base 16.
ddf
What is 10ff (base 16) in base 10?
4351
Convert 1388 (base 10) to base 3.
1220102
Convert 14726 (base 8) to base 6.
50342
5104 (base 10) to base 6
35344
What is -1020012 (base 4) in base 10?
-4614
Convert b8d (base 15) to base 14.
d44
What is 7ccb (base 14) in base 9?
32734
Convert -285 (base 12) to base 11.
-324
10002011120 (base 3) to base 9
102146
Convert -5742 (base 8) to base 2.
-101111100010
-548 (base 11) to base 5
-10112
1212 (base 7) to base 12
316
2665 (base 10) to base 9
3581
What is 101100110 (base 2) in base 6?
1354
Convert -226 (base 14) to base 12.
-2b6
Convert -318 (base 12) to base 9.
-552
Convert 7045 (base 8) to base 5.
103441
-110000110100 (base 2) to base 11
-2390
c496 (base 14) to base 8
102064
What is 2013302 (base 4) in base 11?
6590
72a5 (base 13) to base 14
5ac4
Convert -916 (base 16) to base 13.
-109c
Convert -1cc (base 15) to base 2.
-110100001
532 (base 11) to base 14
33a
425 (base 8) to base 15
137
-110101110010 (base 2) to base 15
-1047
Convert 204210 (base 6) to base 12.
9666
What is 42a8 (base 11) in base 10?
5684
-100111111110010 (base 2) to base 10
-20466
Convert 23b (base 14) to base 11.
375
What is -2221022201 (base 3) in base 5?
-3322301
17663 (base 9) to base 12
7093
-2bb6 (base 13) to base 6
-45350
-3223 (base 4) to base 10
-235
Convert 2021 (base 6) to base 7.
1204
-315 (base 16) to base 15
-379
45 (base 12) to base 7
104
Convert 22200 (base 4) to base 5.
10142
-2a69 (base 14) to base 13
-3581
Convert -21202000 (base 3) to base 11.
-4270
Convert 2408 (base 9) to base 3.
2110022
12200212 (base 3) to base 9
5625
What is 122232 (base 6) in base 14?
3d80
Convert 22564 (base 7) to base 13.
2827
2145 (base 6) to base 16
1f1
-3b17 (base 13) to base 12
-4a9a
738 (base 11) to base 6
4040
Convert -3767 (base 14) to base 4.
-2113133
Convert 500 (base 7) to base 8.
365
Convert -3135 (base 9) to base 8.
-4374
-12103 (base 4) to base 11
-337
Convert 13a3a (base 12) to base 7.
142621
What is 1101100111011 (base 2) in base 11?
5268
Convert -442 (base 11) to base 5.
-4110
What is -545 (base 8) in base 2?
-101100101
What is 5746 (base 9) in base 8?
10236
Convert 418 (base 15) to base 2.
1110011011
What is -11111100100 (base 2) in base 6?
-13204
-663 (base 7) to base 11
-289
Convert 4652 (base 8) to base 12.
1522
What is 282 (base 10) in base 3?
101110
What is 4424 (base 8) in base 5?
33244
Convert 36081 (base 12) to base 4.
101233201
Convert -11220011 (base 3) to base 7.
-13255
What is 3014 (base 5) in base 16?
180
Convert 201343 (base 6) to base 4.
3320133
403553 (base 6) to base 16
7cdd
What is -1373 (base 8) in base 12?
-537
What is -7650 (base 15) in base 4?
-12013122
Convert 554 (base 13) to base 12.
642
What is -2122112 (base 4) in base 13?
-465b
What is 10101110 (base 2) in base 3?
20110
-12413 (base 5) to base 4
-33113
14408 (base 10) to base 2
11100001001000
-110101110 (base 2) to base 4
-12232
What is 122313 (base 4) in base 6?
11543
-1930 (base 11) to base 3
-10100212
What is -1114 (base 8) in base 12?
-410
-2d7 (base 15) to base 10
-652
What is 35071 (base 11) in base 7?
300454
What is -b34 (base 13) in base 11?
-147a
-100313 (base 4) to base 16
-437
21011001 (base 3) to base 13
24ac
-2ff (base 16) to base 4
-23333
What is -1111110001101 (base 2) in base 11?
-6083
What is 35262 (base 8) in base 6?
153322
-60046 (base 7) to base 8
-34150
Convert -1715 (base 15) to base 6.
-35002
What is 3334 (base 6) in base 2?
1100001010
1130 (base 5) to base 15
b0
-33510 (base 6) to base 7
-16524
What is -108 (base 11) in base 14?
-93
-20434 (base 6) to base 14
-1010
-32305 (base 10) to base 12
-16841
125ac (base 13) to base 5
2041232
11334 (base 6) to base 4
121222
Convert -825 (base 14) to base 9.
-2168
Convert 5283 (base 9) to base 11.
2a0a
What is 100 (base 13) in base 12?
121
What is -a31 (base 13) in base 3?
-2101002
What is -773 (base 8) in base 16?
-1fb
What is 1027 (base 10) in base 7?
2665
Convert 4a53 (base 14) to base 12.
7641
Convert 162250 (base 7) to base 16.
7d20
-1230 (base 9) to base 5
-12133
Convert 111011011001 (base 2) to base 9.
5183
What is -15256 (base 8) in base 3?
-100100222
-1623 (base 10) to base 5
-22443
What is 2676 (base 8) in base 10?
1470
Convert 2852 (base 9) to base 14.
adb
What is -11100111011 (base 2) in base 6?
-12323
Convert 10c0c (base 16) to base 2.
10000110000001100
What is 1456 (base 8) in base 16?
32e
Convert 1001120 (base 3) to base 4.
30003
3734 (base 12) to base 3
22112211
33233 (base 5) to base 3
10011212
What is 111121100 (base 3) in base 15?
2e13
What is 1adb (base 14) in base 3?
20201101
What is 3616 (base 12) in base 2?
1011110110010
Convert 112244 (base 5) to base 4.
333222
What is 1121 (base 6) in base 12?
1a1
What is -74151 (base 8) in base 13?
-11052
5b (base 15) to base 9
105
-adc5 (base 14) to base 15
-8e0b
130003 (base 4) to base 8
3403
-12b3 (base 13) to base 7
-10550
What is -1101 (base 6) in base 8?
-375
-661 (base 8) to base 10
-433
Convert -3 (base 6) to base 12.
-3
Convert -1020112 (base 4) to base 9.
-6314
Convert 61131 (base 7) to base 6.
152340
What is -22bf (base 16) in base 10?
-8895
Convert -40013 (base 5) to base 2.
-100111001100
145 (base 6) to base 9
72
-75357 (base 8) to base 12
-16267
What is 8eb7 (base 15) in base 16?
7672
Convert -321425 (base 6) to base 3.
-1100001222
What is 1100202 (base 3) in base 2?
1111100000
-4032103 (base 5) to base 9
-107616
What is -2014312 (base 5) in base 4?
-13323021
Convert 10010010100000 (base 2) to base 15.
2ba1
What is -110100001 (base 2) in base 9?
-513
-41b5 (base 14) to base 5
-330311
What is -31201333 (base 4) in base 12?
-280a7
18fa (base 16) to base 6
45334
-44431 (base 6) to base 5
-144321
What is 321114 (base 5) in base 10?
10784
Convert 1112110 (base 3) to base 15.
4e9
-7062 (base 8) to base 15
-1124
Convert -1b0 (base 12) to base 2.
-100010100
Convert 1100100001001 (base 2) to base 9.
8711
Convert 9ba0 (base 13) to base 14.
7d06
Convert 9706 (base 15) to base 13.
11712
Convert -1103 (base 9) to base 5.
-11223
-1000111 (base 2) to base 4
-1013
Convert 11001010010 (base 2) to base 14.
838
Convert -320020 (base 4) to base 5.
-103332
W